derivative of u**6/120 + 2*u**5/15 - 11*u**4/24 - 29*u**3/6 - 2034*u**2. What is x(-9)?
-11
Let l(g) = 0*g**2 - 38 + 34 - g**2. Let o be 10/(((-360)/96)/(9/(-6))). Determine l(o).
-20
Let w(n) = -3*n**2 + 8*n - 7. Suppose 577*g + s - 10 = 575*g, -2*s = 2*g - 10. Calculate w(g).
-42
Let y(d) = 20 - 47167*d**2 - 2*d**3 + 47154*d**2 + d**3 - 15*d. Give y(-12).
56
Let l(h) be the third derivative of -1/120*h**6 - 1/12*h**4 + 0 + 1/6*h**3 - 181*h**2 + 0*h - 1/12*h**5. What is l(-2)?
-7
Let r(o) = 24*o**2 + 6*o - 4. Let h be r(2). Let q = h + -98. Let n(c) = -c**3 + 5*c**2 + 6*c. What is n(q)?
0
Let o(k) = -3*k**2 - 55*k - 252. Let d be o(-7). Let a(p) = -2*p**2 - 27*p + 14. Give a(d).
0
Let s(y) = 18*y**3 - 19*y**2 + 43*y + 2. Let n(w) = 25*w**3 - 28*w**2 + 60*w + 3. Let r(c) = 5*n(c) - 7*s(c). Give r(-5).
-44
Suppose 0 = -4*x + 12, 15*x = v + 20*x + 1. Let j be 10/(-2)*1 + v/(-4). Let l(k) = k**2 - 2*k - 1. Determine l(j).
2
Let t(j) be the first derivative of -3*j**4/4 - 20*j - 3625. Determine t(0).
-20
Let o(b) = b**3 - 13*b**2 + 57*b - 16. Let w(l) = l**3 - l**2 - l + 1. Let x(p) = -o(p) + 2*w(p). Let g be x(-15). Let t(v) = 2*v**2 - 6*v + 5. What is t(g)?
5
Let t(a) = -1551*a - 2. Let r(z) = 10239*z + 13. Let c(g) = 5*r(g) + 33*t(g). Suppose 2*l = 4*l + 2. Calculate c(l).
-13
Let a(f) = f**2 + 15*f - 228. Let y be a(10). Let n(m) = m**2 - 22*m - 21. Calculate n(y).
-21
Let v(q) = 4*q + 9*q**2 - 26119 + 26114 - 6*q**2 - 4*q**2. Calculate v(9).
-50
Let j(d) = -2*d - 2. Let h be (-4)/10 + (-4)/(-10) - -43. Let i = h + -48. Give j(i).
8
Let y(w) = w**2 + 6*w - 5. Let a = -5635 - -5639. What is y(a)?
35
Let f = -220 - -223. Let v(m) = -3 + 3*m**2 + 2*m**2 + m**f + 0*m**2 + 4*m. Suppose k + 16 = -2*k + q, 0 = 4*k - 5*q + 36. Give v(k).
-3
Let g(o) = o**2 + 4*o - 1. Suppose -2*c + 3*j = 6, -10 - 5 = 5*c - 4*j. Let t be 3 + c/6 + 169/(-26). Give g(t).
-1
Let c(m) = m**2 - m + 3. Let z(u) = 2*u**2 - 10*u - 37. Let t(n) = n**2 - 4*n - 13. Let r(l) = -8*t(l) + 3*z(l). Let x(j) = 13*c(j) + 6*r(j). Calculate x(-3).
9
Let x(y) = 7*y - 15. Let v = 4017 - 4011. What is x(v)?
27
Let k(f) = 10*f - 186. Let w(t) = -188. Let i(d) = -4*k(d) + 5*w(d). What is i(-5)?
4
Let k(q) = 5*q**2 - 4*q + 10. Let y(f) = 16*f**2 + 15*f**2 - 4 + 25 - 9*f - 20*f**2. Let m(u) = -13*k(u) + 6*y(u). Give m(4).
4
Suppose 2 + 7 = v - 3*n, 18 = 4*v - 3*n. Suppose m - v*l + 9 = -0*m, -2*m + 2*l = -2. Let w(a) = -1 - m + 4 + 7*a. Give w(2).
11
Let w = -59 + 55. Let c(i) = 3*i**2 + 16*i + 3. Let y be c(w). Let k = y + 22. Let t(p) = p**3 - 9*p**2 + p - 11. What is t(k)?
-2
Let y(d) be the second derivative of -d**5/20 + d**4 + 5*d**3/3 + 23*d**2/2 - 602*d - 3. What is y(13)?
-16
Let p(x) = 2*x - 2. Let h(z) be the first derivative of 15*z**2/2 - 6*z + 244. Let d(v) = -h(v) + 6*p(v). Give d(-5).
9
Let x(g) = -7*g - 91 + 161 + 110 + 0*g + 2*g. What is x(37)?
-5
Let a(j) be the first derivative of -j**4/2 - 10*j**3/3 + 9*j**2/2 - 3*j + 2296. Calculate a(-6).
15
Suppose 129*x + 3900 = 119*x. Let t be 0 + x/(-70) - 3/(-7). Let g(j) = -j**3 + 6*j**2 - 2*j + 11. Calculate g(t).
-1
Let p(x) = x**2 - 17*x + 60. Let a be p(5). Let f(r) = -63*r**2 + 3 - 2 + r**3 + 57*r**2 - 3*r + a. Determine f(6).
-17
Let a(i) = 16*i**2 + 2*i + 1. Let n = 28 + -28. Suppose o + 5*t - 9 = 16, n = -5*o - 5*t + 45. Suppose -9 = 4*s - o. What is a(s)?
15
Suppose 0 = 4*s - 8, 5*r = 2*s + 232 + 159. Suppose -9*c + 56 + r = 0. Let p(x) = x**2 - 17*x + 4. Calculate p(c).
-26
Let z = 167 - 101. Suppose 0 = -33*n - 0 - z. Let o(a) = 2*a**3 + 2*a**2 - 1. Calculate o(n).
-9
Let t(d) = 20*d - 13. Let x be t(-3). Let n = 80 + x. Let f(v) = v**3 - 9*v**2 + 14*v + 6. Let y be f(n). Let g(p) = -3*p + 4. Calculate g(y).
-14
Let n be ((-1)/1)/(8/(-22) + 6201/20592). Let u(b) = -b**2 + 14*b + 21. What is u(n)?
-11
Let a = 167 - -17. Let l = a - 186. Let k(u) = -u**3 + 4*u + 3. What is k(l)?
3
Let v(w) = 2*w**3 + 11*w**2 - 8*w - 65. Let f = 25736 - 25741. Determine v(f).
0
Let w = 12548 - 12545. Let x(a) = 11*a**2 - 34*a - 1. What is x(w)?
-4
Let a(h) = h + 8. Let g(o) = 1. Let j(w) = -a(w) + 5*g(w). Let v be (((-618)/515)/(6/(-20)))/(12/(-15)). Determine j(v).
2
Let n(a) be the second derivative of a**7/840 + a**6/72 + a**5/40 + a**4/6 + 17*a**3/6 + 56*a. Let w(y) be the second derivative of n(y). Calculate w(-4).
8
Let b(m) = -10*m - 4. Let y = -2963 + 2964. What is b(y)?
-14
Let b(i) be the third derivative of -1/3*i**3 + i + 0 + 20*i**2 - 5/24*i**4 + 1/60*i**5. Determine b(5).
-2
Let v be 140/21*(-4 + (-40)/(-16)). Let p(j) = j**3 + 11*j**2 + 8*j - 8. Give p(v).
12
Let y(l) be the first derivative of -25*l**4/4 + l**3/3 - l + 1. Suppose -924*i - 931*i + 1808*i + 0 = -47. Give y(i).
-25
Suppose -o - 7 = 0, -74*o + 15 = 2*j - 73*o. Let w(t) = -t**3 + 11*t**2 + 6*t + 10. What is w(j)?
76
Let v be ((-20)/(-7))/((-7)/((-147)/6)). Let z(i) be the first derivative of -i**2 + 21 - v + 0 + 4 - 9*i. Determine z(-6).
3
Let y(h) = 48 - 5*h + 6*h - 52 - 4*h. Suppose -2*n = -3 - 9. Suppose n*i = 14 - 50. Give y(i).
14
Let k(w) = -2*w - 123. Let i = 1435 - 1435. Give k(i).
-123
Let t(c) = -c**3 + 3*c**2 + 4*c - 1. Let v be 5/(-3)*(-24)/20. Suppose -12 = v*u + 4*u. Let w be u/4 + 18/4. Determine t(w).
-1
Let r(m) = 21*m**3 + m**2 - m + 1. Let l(c) = -2*c**2 + 6*c + 3. Let d be l(-5). Let i be (-3)/7 + (-110)/d. Calculate r(i).
22
Let c(p) = p**2 - 4*p - 3. Let s(o) = -7*o**2 + 20*o + 54. Let r(k) = -6*c(k) - s(k). Determine r(-9).
9
Let k = 394 - 344. Let m(j) = -51*j**3 - 4*j**2 - 2*j**2 + k*j**3 - 3*j - 1 - 4. What is m(-4)?
-25
Let l(k) be the first derivative of 4*k**3 + 0*k**4 + 12 + 0*k - 1/12*k**5 + 0*k**2. Let u(i) be the third derivative of l(i). Determine u(1).
-10
Let n be (-6)/(-12)*(-8)/(-1). Let y be 272/80 - n/10. Let i(b) = b**3 - 3*b**2 - 2*b + 2. Give i(y).
-4
Let g(q) = 2*q - 7. Suppose 47 = -3*i - 49. Let f be (212/6 - -1) + (-66)/(-99). Let w = f + i. Determine g(w).
3
Let h(r) = r**2 + 1. Let u(n) = -7*n**2 - n. Let c = 0 + -21. Let f = c - -20. Let v(b) = f*u(b) - h(b). Determine v(1).
6
Let m(o) = -o**2 + 18*o + 20. Let g(p) = -p**2 + 158*p - 2378. Let x be g(17). Give m(x).
1
Let x(w) = w**3 + 10*w**2 - 40*w - 8. Let m be x(-13). Let f(k) = k**3 - 7*k**2 + 3*k + 6. What is f(m)?
-29
Let u(j) = j**2 - 11*j + 5. Let r(o) = o**2 + 21*o - 80. Let w be r(10). Let t = 241 - w. Give u(t).
5
Suppose -4*i = 9 + 19. Let c(s) = 7*s + s**2 - s**2 - s - 7 + s**2. Let f be c(i). Let h(b) = b**3 + b + 4. Give h(f).
4
Let r(z) = -z**2 + 12*z - 9. Let l be 9*(11 + (-2 - 8)). Calculate r(l).
18
Let h(o) = -34*o**2 + 13 + 37*o**2 + 15431*o - 15420*o. Calculate h(-2).
3
Suppose 16 = -6*i + 2*i. Let f(b) = 6*b + 13. Let h(y) = -32 + 19 + 5*y + 24. Let a(r) = 3*f(r) - 4*h(r). Determine a(i).
3
Let h(k) = k**3 + 7*k**2 - 2*k + 1. Let b = 94 + -68. Let l be (91/b)/(1/(-2)). Calculate h(l).
15
Let s(z) = 1. Let v(m) = -m + 6. Let i(r) = 5*s(r) - v(r). Let a be -2*9/18*-3. Give i(a).
2
Let u(b) = 3*b**2 - 7*b - 7. Let l(p) = 2*p**2 - 7*p - 7. Let y(f) = 4*l(f) - 3*u(f). Let h = 421102 - 421109. What is y(h)?
-7
Let o(m) = -4*m**2 + 17*m**2 - 13*m - 15 + m**2 - 7*m**2 - 6*m**2. Let x = -111 + 125. What is o(x)?
-1
Let t(h) = -39*h - 89. Let v(x) = 10*x + 20. Let d(n) = -3*t(n) - 13*v(n). Calculate d(-11).
150
Suppose v + 0 + 15 = 0. Let z be (-54)/(-10) + 6/v. Let w(u) = 3187 - 6347 + u + 3162. Determine w(z).
7
Let a(s) = -s**2 - 9*s - 13. Let p be a(-7). Let b be 0 + p/2 - (-65)/2. Let u(j) = 31*j - 6 - 62*j + b*j + 2. Calculate u(6).
8
Let q(z) be the second derivative of -z**5/20 + z**4/2 - 5*z**3/6 + 3*z**2 - 1487*z. Give q(4).
18
Let t(f) be the second derivative of f**4/12 + f**3/3 + 3*f**2/2 + 15*f. Suppose 0 - 16 = -2*v + 4*a, 5*a = -5. Suppose v*m = 2*m + 12. Determine t(m).
18
Let j(v) be the third derivative of 2 + 1/24*v**4 - 20*v**2 + 0*v + 4/3*v**3. Calculate j(-9).
-1
Let g be (8 - -9)/17 - (1 + 6). Let c(a) = -4*a**2 - 23*a - 5. Calculate c(g).
-11
Suppose 2*m + 0*m = 64. Let n be m/20*(-15)/(-6). Let y(o) = -3 + 2547*o - 2 - 1275*o + 2 - 1271*o. Calculate y(n).
1
Let a be -2 - ((-22)/44)/(6/(-72)). Let n(t) = 11*t**2 + 37*t - 11. Let g(b) = 5*b**2 + 18*b - 6. Let z(u) = 7*g(u) - 3*n(u). Give z(a).
-1
Let d(p) be the first deriva